of w?
3, 13
Let t(p) = p**2 - 2*p - 17. Let g be t(10). Let f be (g/(-6))/(-7) - 19/(-2). Suppose 464 = 15*c - f*c. What are the prime factors of c?
2, 29
Suppose v - 5392 - 1810 = -3*l, 2*v - 14388 = 2*l. What are the prime factors of v?
2, 7, 257
List the prime factors of -10*(-1050 + 7 + -7).
2, 3, 5, 7
Let m be (-10)/4*164/(-5). Suppose 2*v - z - 64 = -0*v, 2*z = -3*v + m. Suppose 5*n = j - v, -j - 2*j + 145 = -4*n. List the prime factors of j.
5, 11
What are the prime factors of (-4)/22 - 40915440/(-3960)?
2, 3, 7, 41
Suppose -3*y = -2*v + 16398, -16406 = -2*v + 62*y - 57*y. What are the prime factors of v?
3, 2731
Let s = -255 + 147. List the prime factors of ((-258)/18)/(-2 + (-212)/s).
3, 43
Let f = 16501 + -9424. What are the prime factors of f?
3, 7, 337
What are the prime factors of 21830 + (-9 - -27) + 21?
19, 1151
Suppose 151*s - 170*s + 39843 = 0. Let p = s - 802. List the prime factors of p.
5, 7, 37
Suppose 0 = 3*c - 9089 + 389. What are the prime factors of 5/10 + c/8?
3, 11
Suppose 2*w = y - 3*y + 8, 0 = 3*y - 2*w + 8. Suppose y = -4*i + 5 - 9. What are the prime factors of 3 + i + 0 - -91?
3, 31
Let o = 2 + -44. Let p = 2 + o. List the prime factors of 5*(4 - (-4)/(p/(-258))).
149
Let n = -101 + 113. Let i(s) = -s**3 + 13*s**2 - 13*s + 15. Let p be i(n). Suppose -p*h + 418 = -119. List the prime factors of h.
179
Let t be 23*((3 - -2) + -6). Let m = 105 - t. List the prime factors of m.
2
Let t(a) = -a**3 + 18*a**2 + 8*a + 31. Let y be t(13). Suppose -f = -7*v + 2*v + 176, -5*f + 5*v - y = 0. Let j = f - -328. What are the prime factors of j?
127
Suppose 5*l - 15792 - 91255 = 73958. List the prime factors of l.
3, 11, 1097
Let b(y) = -y**2 + y + 752. Suppose 0*c = 8*c - 5*c. List the prime factors of b(c).
2, 47
Let k = 80 + -60. Suppose 0 = -t + 4*v + 20, -7*v + 2*v = k. Suppose -3*j + 777 = t*j. List the prime factors of j.
3, 37
What are the prime factors of -9*(8/(-468))/1 - 258432/(-52)?
2, 5, 7, 71
Suppose 297*f - 4662253 - 13950440 = 0. List the prime factors of f.
29, 2161
Suppose 5*m - 4*s - 2881 = 0, -15*m = -10*m + s - 2886. Let n = m - -471. List the prime factors of n.
2, 131
Suppose 0 = -2*s, r + 2*s + 1516 = -0*r. Let j = 2547 + r. List the prime factors of j.
1031
Suppose 1815 = 41*b - 36*b. Let p be (-4)/(-14) + b/77. Suppose j + 0*j = -p, 5*m = 2*j + 265. List the prime factors of m.
3, 17
Let l be 4/1 - 39/3. Let t(h) = -h**3 - 10*h**2 + 14*h + 3. Let m be t(l). Let y = 310 + m. What are the prime factors of y?
2, 53
Let j = -10169 + 22398. What are the prime factors of j?
7, 1747
Let c be 4/18 + (-4)/(-54)*-3. Suppose 3*v - 6*v + 426 = c. Let p = 291 - v. What are the prime factors of p?
149
Let v(p) = -6*p - 2. Let s(n) = n - 1. Suppose -2*i = -2, -f + 0*f = -4*i + 7. Let y(t) = f*s(t) + v(t). What are the prime factors of y(-9)?
2, 41
Let a be (-2)/(-2*(-5)/35). What are the prime factors of (-95)/(-133) + (-5749)/a?
2, 3, 137
Let g(s) = -16*s - 236. Let j be g(-15). Suppose a - 7*n - 279 = -2*n, 5*a - j*n - 1290 = 0. What are the prime factors of a?
2, 127
Let c(y) be the third derivative of y**4 + 235*y**3/6 + 249*y**2. List the prime factors of c(19).
691
Suppose -72920 = -26*m - 19*m - 9155. Let c be ((-16)/12)/(4/(-6)). Suppose 3*s + 2*s = c*r + 1422, -m = -5*s - 3*r. What are the prime factors of s?
2, 71
Let p be (3 + -15)*(-4 - -7)/(-9). Suppose k = -p*z - 129, 0 = 6*z - 8*z - 2*k - 60. Let b = 68 + z. What are the prime factors of b?
5, 7
What are the prime factors of 91/(-1001) - 550410/(-33)?
13, 1283
Let r(o) = 930*o**2 - 347*o + 1032. What are the prime factors of r(3)?
3, 929
Let d be (-148)/(-6)*((-4)/(-8) - -1). Suppose d*h + 476 = 38*h. List the prime factors of h.
2, 7, 17
Suppose 66*o - 65*o = 2. Suppose 0 = -o*r + 3*y + 9, -2*r + 4*r + y - 29 = 0. List the prime factors of r.
2, 3
Suppose p = 4*r - 20 - 7, -5*r + p = -35. Suppose -9*w + 20 = -r*w. Let c = 37 - w. List the prime factors of c.
17
Suppose -8*c + 4303 = -5673. What are the prime factors of c?
29, 43
Suppose -u + 679 + 1058 = 0. Suppose 0 = -5*m - 527 + u. Let g = -133 + m. What are the prime factors of g?
109
Let f = 48 - 51. Let s be (-16 + 19)/(f/(-646)). Suppose -3*l = -0*l - 4*p - s, -l = -p - 216. List the prime factors of l.
2, 109
Suppose 0*l = 4*l + k - 1390, k = -3*l + 1043. Suppose -h - h - 689 = 5*g, -3*g - l = h. Let d = -227 - h. List the prime factors of d.
3, 5, 7
Let c(x) = 47*x**2 - 9*x - 17. Let z be c(-4). Suppose -l + 1934 = 2*i, -i - 2*l + z = -202. List the prime factors of i.
5, 193
Let v(a) be the third derivative of a**5/60 - 7*a**4/24 + 2*a**3 - 15*a**2. Let o be v(6). What are the prime factors of o/(-2)*(-792)/27?
2, 11
Suppose -3*w - 2*w = -365. Let j = w - 71. Suppose 4*t = -3*p + 461, 3*p - 5*t - 179 = j*p. What are the prime factors of p?
3, 53
Suppose 49*a - 48*a + 5*l = 2891, 5*a - 5*l = 14335. List the prime factors of a.
3, 11, 29
Let k = -38710 + 62374. What are the prime factors of k?
2, 3, 17, 29
Suppose -53 = -12*a + 7. Suppose 3*d + b - 861 = -2*b, -d + a*b = -317. List the prime factors of d.
2, 73
Let z be (0 - 110) + 20 + -25. Let y = z + 441. List the prime factors of y.
2, 163
Let t = -61 + 141. Suppose 2*z - 8 = 4. Suppose -t = -2*r + 5*o, 39 = r - z*o + 3*o. What are the prime factors of r?
3, 5
Suppose 278*r - 276*r - 10158 = 0. Suppose -83*v - r = -86*v. What are the prime factors of v?
1693
Suppose -19*m - 11200 = -3*m. List the prime factors of 2/(8 + -6) + m/(-1).
701
Let t(j) = 401*j + 303. List the prime factors of t(18).
3, 23, 109
List the prime factors of 10111/8 - (-21)/(-14)*(-2)/24.
2, 79
What are the prime factors of (-62 + 0)*((-48267)/(-18))/(-31)?
31, 173
Let l(c) = -c - 2. Let b be l(11). Let f = b - -13. Suppose 6*j - 4*j - 132 = f. What are the prime factors of j?
2, 3, 11
Suppose 3*d = 36 - 30. Let l(o) = -41*o + 15. Let h be l(-7). Suppose 8*m - 775 = 3*m + p, -d*m + h = -2*p. What are the prime factors of m?
2, 3, 13
Let f = 341 - 92. Let g be (-4)/(-24) + f/18. Let s(q) = -q**3 + 16*q**2 - 18*q - 8. What are the prime factors of s(g)?
2, 3, 11
Let v(y) = 98*y - 186. Suppose 21*m - 214 + 4 = 0. What are the prime factors of v(m)?
2, 397
List the prime factors of (-58 + 23)*6/21 - -10861.
3, 3617
Let l(i) = i**3 - 21*i**2 + 7*i - 40. Let b be l(22). Let k = 900 - b. Suppose -15*r + k = -13*r. List the prime factors of r.
151
List the prime factors of (-13 + 5 - -6)/(-2*1/26692).
2, 6673
Suppose -4*f - i = -2*i - 503, 2*f - 244 = -2*i. Suppose z - f = 178. What are the prime factors of 6/(36/z) + (-1)/2?
2, 5
Let r be (-8)/(-12) - (9938/(-6) + -6). Let m = r + -944. What are the prime factors of m?
719
Suppose -33789 = -h + 3*r, -70 = -3*r - 64. What are the prime factors of h?
3, 5, 751
Let w(i) = 2*i**2 - 20*i + 21 - i**2 + 11*i. Let l be w(6). Let n(t) = -t**3 + 2*t**2 + 3*t + 4. What are the prime factors of n(l)?
2
Let q(d) = -1436*d + 13. Let o be q(2). Let p = o - -4197. What are the prime factors of p?
2, 3, 223
Suppose 5*p - 18905 = -3730. Suppose -5*h = -8*h + 2*o + p, -5*o = 4*h - 4039. What are the prime factors of h?
3, 337
Suppose 0*k = -16*k + 1344. Suppose 80*t - k*t = -1892. List the prime factors of t.
11, 43
Suppose 4*h - 4*m + 863 = m, -3*h + 2*m - 649 = 0. Let c = h + 286. What are the prime factors of c?
3, 23
Let q = 37282 - 11831. List the prime factors of q.
31, 821
What are the prime factors of 392/(-360)*-31611 - (-14)/105?
34421
Let j(p) = -2*p**3 + 38*p**2 + 9*p - 67. Let i(m) = m**3 - 20*m**2 - 5*m + 33. Let q(r) = -7*i(r) - 4*j(r). What are the prime factors of q(12)?
5
Suppose 0 = -5*a + v - 85, 0 = 2*a - 4*v - v + 11. Let i = a - -256. List the prime factors of i.
2, 7, 17
Let t(r) be the first derivative of 5*r**3/3 + 2*r**2 + 16*r - 53. What are the prime factors of t(-16)?
2, 7, 11
Suppose -5*b + 4229 + 71 = 0. Suppose -3*w = -2*v - 2*w + 428, 0 = -4*v + 3*w + b. List the prime factors of v.
2, 53
Let n be 4*(-10)/280 + (-239)/(-7). Let x(u) = u**3 - 35*u**2 + 39*u + 29. What are the prime factors of x(n)?
199
Let c(g) = 759*g - 747. List the prime factors of c(25).
2, 3, 7, 31
Suppose 692268 = 20*r - 10*z + 11*z, -4*r - 2*z + 138468 = 0. List the prime factors of r.
34613
Suppose -24 = -2*w - 4*c, 4*w + 0*w - 3*